 Suppose -259 = -3*l + i. What are the prime factors of l?
3, 53
Let y be ((-1168)/(-3))/(1/(-3)). Let x = y - -2068. Suppose 0 = 8*g - 17*g + x. What are the prime factors of g?
2, 5
Suppose o = -15*o - 32. List the prime factors of (-28 - -24) + (-920)/o.
2, 3, 19
What are the prime factors of 6 - ((-818)/(-3) + 2)*(25 + -40)?
2, 2063
Let h(v) = -v**3 - 8*v**2 + 7*v - 13. Let n(y) = -y**3 - 2*y + 44. Let t be n(0). Let u = -54 + t. What are the prime factors of h(u)?
3, 13
Let c(s) = -5*s**2 + 10*s - 1. Let b be c(-4). Let v = -33 - b. Let u = v - 27. List the prime factors of u.
61
List the prime factors of ((-3)/3)/((-5)/(-339225)*-5).
3, 4523
Let y(o) = o - 130. Let w be y(0). Let g = w + 105. Let i = -5 - g. List the prime factors of i.
2, 5
What are the prime factors of (149836/130)/(61/305) - 1/(-13)?
3, 17, 113
Suppose 678641 = 11*o + 5*o - 188223. List the prime factors of o.
17, 3187
Let s = 1570 - -1165. What are the prime factors of s?
5, 547
Suppose -105 = 4*h - 6*h - x, h + 5*x - 48 = 0. Suppose -48*o - 5*w + 9 = -45*o, -4*w - 15 = -5*o. Suppose 320 - h = o*p. What are the prime factors of p?
89
Suppose -5585 = -5*g + 11*m - 6*m, 0 = -5*m + 25. Suppose s = -4*v + g, -5*v + 5565 = 10*s - 5*s. What are the prime factors of s?
2, 3, 5, 37
Suppose -83*n + 80*n = o - 99748, 5*o + 132972 = 4*n. What are the prime factors of n?
2, 1039
Let m(g) = 41*g + 39. Let p be m(18). Suppose y + 74 - p = 0. Suppose -2*w - w + 551 = 4*t, -w = -5*t + y. List the prime factors of t.
2, 5, 7
Let u(c) = 6*c**3 - 3*c**2 + 4*c - 2. Let g be (0/1)/(-5 - -6). Suppose -4*z = -z - 3*m - 6, 4*z + m - 13 = g. What are the prime factors of u(z)?
5, 29
Let d = -5679 - -9543. List the prime factors of d.
2, 3, 7, 23
Let l(d) = -4*d**2 - 11*d - 30. Let r be l(-4). What are the prime factors of (-172 + r)/(1 + (-14)/8)?
2, 37
Let l = -423 + 1349. Suppose -2*u - 3*x + l = 0, -4*u + 3*u + 5*x = -489. What are the prime factors of u?
7, 67
Suppose -3*g + l + 25 = 5*l, 0 = -5*g - 2*l + 23. Suppose -n - 189 = -3*u, -2*n = g*u + 2*n - 189. Let y = -49 + u. What are the prime factors of y?
2, 7
Let h(p) = -127*p - 500. List the prime factors of h(-17).
3, 7, 79
Let a(f) be the third derivative of f**6/120 + f**5/6 - 5*f**4/8 - f**3/3 + 155*f**2 + 1. Let x(d) = d**2 - 11. Let r be x(0). List the prime factors of a(r).
2, 3, 7
Suppose 4*o = 24, 3*c + 3*o - 23640 - 2259 = 0. What are the prime factors of c?
8627
Suppose -299251 = -4*z + w - 88414, 2*z - 105450 = -4*w. List the prime factors of z.
52711
Let v(i) = 2*i + 12. Let d be v(-4). Suppose 2*j - 95 = -4*l - 9, -2*l + 38 = -d*j. What are the prime factors of l?
3, 7
Suppose 2*t - 102 + 22 = 0. Let z(y) = y**3 - 4*y**2 - y + 2. Let g be z(7). Let n = g - t. What are the prime factors of n?
2, 3, 17
Suppose 0*l - 8 = -2*l. Suppose i - 48 = -3*c - 2*i, -32 = -4*c + l*i. What are the prime factors of 3/c - 1005/(-12)?
2, 3, 7
Suppose -4*f - v + 6 = 0, 5*v - 4 - 1 = 5*f. Suppose 4*h + f + 4 = r, -5 = -h - r. Suppose 117 = l + 5*x, 4*l - 5*x - 568 = -h*x. List the prime factors of l.
137
Suppose -3*z + 5*a + 19131 = 0, 3522 = -4*z + 5*a + 29040. What are the prime factors of z?
3, 2129
What are the prime factors of 540848/10 + ((-2)/(-4))/(50/(-80))?
2, 3, 4507
Let z(y) = -9*y - 9 + 15*y**3 + 9 + 8 + 3*y**2 + 3. What are the prime factors of z(3)?
2, 13
Let j = 5 + -3. Let b = 6 - j. Suppose 4*u = 5*r - 0*u + 5, r - 23 = -b*u. What are the prime factors of r?
3
Let y(b) = 5824*b**2 - 18*b - 2. List the prime factors of y(1).
2, 1451
Let s(y) = -8*y**3 - 5*y**2 + 10*y + 443. Let r(d) = 3*d**3 + 2*d**2 - 4*d - 221. Let k(v) = -5*r(v) - 2*s(v). Let m = 15 + -15. List the prime factors of k(m).
3, 73
Suppose -5317*i = -5312*i - 39255. List the prime factors of i.
3, 2617
Let x be -259*(-13)/637 - 4/14. Let c(r) be the first derivative of 2*r**3 - 5*r**2 + 22*r + 7. What are the prime factors of c(x)?
2, 61
Suppose 4*c = -2*v - 20, -6*c - 20 = -5*v - 2*c. Suppose v = -r - 0*a + a - 16, 3*a = 4*r + 68. What are the prime factors of (3 - 3 - r)/(16/40)?
2, 5
Let t = -119 + 218. Suppose -3*f - f = h - t, -3*f - h + 74 = 0. List the prime factors of 33 + 5/(f/(-20)).
29
Suppose 0 = 2*n + 2*t - 60838, -t = -66 + 65. What are the prime factors of n?
2, 67, 227
List the prime factors of (-5 - -12 - -2982) + -6.
19, 157
Let q(i) = -5*i**2 + 4*i - 6. Let j be q(6). Suppose 0 = -g - 2*g + 2*t - 55, -2*g = -2*t + 38. Let l = g - j. What are the prime factors of l?
5, 29
Let f = 41013 + 6954. List the prime factors of f.
3, 59, 271
Let g be (-1224)/(-60) - 4/10. Let d be ((-1)/2)/(g/(-109800)). Suppose 15*k - d = 6*k. What are the prime factors of k?
5, 61
Let b be 2 + 9 - (-42)/(-7). What are the prime factors of ((-4)/b)/((-56)/2100)?
2, 3, 5
What are the prime factors of (13711 - (15 + -5))*(1 + (-2)/6)?
2, 4567
Suppose 3*y - 6*t - 56970 = -3*t, -4*y + t = -75975. What are the prime factors of y?
5, 29, 131
Let n = 104 + -125. Suppose -3*c - 50 = -q - q, q + 5*c = 25. Let r = q + n. What are the prime factors of r?
2
What are the prime factors of ((-1)/(-3))/(((-30)/(-315))/(744624/42))?
2, 3, 5171
Let l(m) = 4 + 2*m**2 + 11*m - 2*m + 6. Let i be l(-6). Suppose 3*c = i + 359. What are the prime factors of c?
3, 43
Suppose -w + 22 = 5*t, 18*t - 14 = 13*t + 3*w. Suppose 2*n - 2*s = 646 + 132, 0 = 4*n + t*s - 1596. What are the prime factors of n?
2, 197
Let j(l) be the second derivative of 64*l**3/3 - 5*l**2 + 14*l. What are the prime factors of j(3)?
2, 11, 17
Let d(w) = 248*w + 50. Let z be d(-7). What are the prime factors of (4/(-36))/(4/12)*z?
2, 281
Let g(d) = -14*d**2 + 4*d. Let h be g(-2). Let c = h + 74. Suppose 0 = -5*v - c, n + 38 = 2*n + 5*v. What are the prime factors of n?
2, 3
Let l(a) = a**2 - 3*a + 7. Let s(m) = 2*m**2 - 3*m + 6. Let h(u) = -6*l(u) + 7*s(u). Suppose -22 = -16*q + 10. What are the prime factors of h(q)?
2, 13
Suppose -19394 - 23842 = -12*o. What are the prime factors of o?
3, 1201
Let t(x) = -x**3 - 40*x**2 - 327*x - 383. List the prime factors of t(-39).
19, 571
Let p be 1 - (-8 + 3) - (3 - 1). Let c(z) = 58*z - 10. Let y be c(p). Suppose -4*s + 662 - y = 0. What are the prime factors of s?
2, 5, 11
Suppose -12*k = q - 2808, -2*q + k = -4*q + 5639. List the prime factors of q.
2, 3, 5, 47
Let f = -24875 - -38688. What are the prime factors of f?
19, 727
Let d(r) = -33*r - 12. Let v be d(-8). Let u = v + -131. What are the prime factors of u?
11
Suppose 0 = -2*i + 3*y - 41 - 124, -4*i - 341 = 5*y. Let d = -191 - i. What are the prime factors of (1 - 1) + (-23 - d)?
2, 3, 7
Let h be 16/20 + 528/15. Let w be 549/h*(-1)/(2/(-8)). Suppose 8*a = -s + 3*a + 23, w = 2*s + 5*a. List the prime factors of s.
2, 19
Suppose 5*h + h = -42. Let o = h + 33. Suppose -22*f = -o*f + 224. What are the prime factors of f?
2, 7
Let p(s) = -6*s - 13. Let y be p(-4). Let n(l) = -y + 29 + 0*l + 7*l - 5*l. What are the prime factors of n(11)?
2, 5
Suppose 618*u = 744*u - 5358906. List the prime factors of u.
3, 14177
Suppose 6*a + 52 = 34, -2*i + 10876 = 2*a. What are the prime factors of i?
5441
Suppose -3*q + 8*q - 45110 = -5*o, o + 18053 = 2*q. List the prime factors of q.
5, 19
Let y be (-2)/(2/(-6148) - 0/(-6)). What are the prime factors of y/14 + 10/(-70)?
439
Suppose 0 = -s - r + 6 - 4, 0 = s - r - 4. Let l(h) = h**s + 6*h + h - 9 - 3*h**2 + 11 + 4*h. What are the prime factors of l(6)?
2, 11
Let c(d) = -d**3 - 18*d**2 + 18*d + 4. Let v be c(-19). Let s = 586 + v. What are the prime factors of s?
3, 7, 29
Suppose 26*g - 2605 - 1659 = 0. Let a = -133 + 55. Let q = a + g. List the prime factors of q.
2, 43
Let q = 5 - 157. What are the prime factors of q/(-57)*-2*222/(-16)?
2, 37
Suppose 69*p - 437105 + 35403 = 4087. What are the prime factors of p?
5881
Let u(b) = b**3 - 12*b**2 + 4*b + 8. Let p be u(5). Let q be -3 - p/51 - (-17435)/85. Suppose -2*i + 13 = -q. List the prime factors of i.
109
Let j(b) = b**3 - 15*b**2 - 54*b + 7. Let d be j(18). Let z(g) = 29*g**2 - 13*g + 17. What are the prime factors of z(d)?
3, 449
Suppose -7*g = -3*g - d - 10, -g = 4*d - 11. Let y be 1*(6 - 7)*-5 - 3. Suppose 0 = 4*k - g*r - 39, r - 13 = -y*k - 6. List the prime factors of k.
2, 3
What are the prime factors of (2/60)/(12/(-30)) + 